6 - 10*z + 1 + 11*z - 6. What is g(-6)?
-17
Let w be ((-15)/10)/(6/12). Let n(c) = 0*c**3 - 4 - 2*c**2 + c**3 + 1 + 3*c - 2*c**3. Calculate n(w).
-3
Let g = 22 + -9. Suppose -a - 6*a = -14. Let c(n) = g*n**2 - 7*n**2 - 7 - 7*n**a - 6*n. Determine c(-5).
-2
Let q(o) = 40*o**2 + 0*o - 87*o**2 + 6 - 23 - 15*o - o**3 + 31*o**2. Calculate q(-15).
-17
Let z be (0 - 6/(-12))/(2/12). Let v(d) = 1 - 3*d**z - 100*d**2 + 2*d**3 + 99*d**2. Suppose 3*x = -x - 4. Determine v(x).
1
Suppose 5*d - 108 + 98 = 0. Suppose d*l - 34 = -14. Let m(k) = -k**3 + 10*k**2 - k + 6. Determine m(l).
-4
Let x(q) = -2*q**3 - 2*q**2 - q. Let o(y) = -3*y**3 - 11*y**2 + 5. Let b(u) = o(u) - 2*x(u). What is b(7)?
19
Let o(i) = i**2 - 9*i + 27. Suppose 11*t - 15 = 6*t - 5*s, 4*s + 23 = 3*t. Determine o(t).
7
Let j(q) be the second derivative of -q**3/6 - 5*q**2/2 - q. Suppose 166*x = -333*x + 49*x - 1350. Determine j(x).
-2
Let t(u) = 7*u**2 + 5*u - 7. Let q(s) be the second derivative of -s**4 - 5*s**3/3 + 13*s**2/2 - 38*s. Let c(b) = 3*q(b) + 5*t(b). Give c(-5).
4
Let n(z) = 3*z + 3. Let x be n(-2). Let y(w) = w + 3. What is y(x)?
0
Let g be 52/(-14) - 16/56. Let p(j) = 5*j**2 + 4*j - 2. Let r(k) = 4*k**2 + 3*k - 4. Let c(i) = g*r(i) + 3*p(i). What is c(0)?
10
Let n = 2235 - 2231. Let w(c) = c**3 - 2*c**2 - 9*c - 1. Calculate w(n).
-5
Suppose -4*z + 0*z + 20 = 0. Let l(c) = 2*c - z*c - 3 + 15*c**3 + 4*c**2 - 14*c**3. Give l(-5).
-13
Let a(l) = -l**2 + 2*l + 1. Let r be (-2 - 0)/((-4)/24). Suppose 3*d + 40 = 8*d. Let y be (r/d)/(3/4). What is a(y)?
1
Let a(m) be the second derivative of m**7/2520 + m**6/144 + m**5/60 - 3*m**4/4 + 10*m. Let d(p) be the third derivative of a(p). Give d(-6).
8
Let k(l) = l + 1. Let s(x) be the first derivative of -x**3/3 + 7*x**2/2 - 6*x + 37. Let h be s(6). What is k(h)?
1
Let v(y) be the third derivative of -y**4/24 - 8*y**3/3 + 12*y**2 - 20. Calculate v(-12).
-4
Let g = -1 - -2. Suppose 3*d = -2*j, d = -4*j - 0*j - 10. Let u(y) = 2*y - 1. Let m(o) = -o**2 - 7*o + 4. Let f(n) = d*m(n) + 7*u(n). Give f(g).
-1
Let n(x) = 42*x + 284. Let y be n(-7). Let m(t) = -3*t - 40. Give m(y).
-10
Let k be ((7 - -1) + -2)/(-2). Let t be -8*(7/2 + k). Let j(a) = 3*a**2 + 8*a - 1. Let r(o) = o**2 + o - 1. Let u(p) = t*r(p) + j(p). What is u(5)?
-2
Suppose -u + 2*u = -4. Let j(o) = 51*o - 23. Let c be j(3). Let v(n) = -5*n + c - 64 - 68. What is v(u)?
18
Let k(u) be the first derivative of 5 - 1/2*u**2 - 16*u. Determine k(-7).
-9
Let l(r) = -r**3 + 6*r**2 - 5*r + 5. Let d = 69 - 59. Suppose -i + 0 + 9 = -2*a, -d = 5*a. Give l(i).
5
Suppose -125 = -2*l - d, -3*l - l + d = -259. Suppose 6*c + l = 2*c. Let m = 11 + c. Let j(n) = -n**3 - 4*n**2 + 5*n - 1. Determine j(m).
-1
Let t(c) be the third derivative of c**6/120 - c**5/20 - c**4/6 - 5*c**3/6 + c**2 - 97. Let d be 1 - (-3 + -1 - -1). Calculate t(d).
-5
Let h(l) be the third derivative of -l**6/120 + l**5/15 + l**4/3 - 5*l**3/6 + 3*l**2 - 5*l. Calculate h(5).
10
Let u(j) = -296 + j + 0*j + 285. Calculate u(12).
1
Let d be 19/(-190) - 28/(-240). Let r(j) be the third derivative of -d*j**5 - 1/6*j**4 + 0 - 5*j**2 - 1/6*j**3 + 0*j. Give r(-4).
-1
Let p(f) be the third derivative of f**5/60 + f**4/8 - f**3 + 5*f**2 - f. Give p(-4).
-2
Let v(i) = -6*i + 2. Suppose -17*r - 10 = -12*r. Give v(r).
14
Let p = -64 - -61. Let w(t) = t + 3. Let x be w(-3). Let d be 3/(3 - x) + p. Let g(h) = h**3 + 3*h**2 + 2*h + 2. What is g(d)?
2
Let t(a) = 29 - 50 + a + 20. Give t(6).
5
Let g(a) = a**2 + 2 - 5*a**3 - 5*a**3 + 9*a**3. Let r be g(2). Let i be (-22 + 16)*r/(-4). Let b(o) = o**3 + 3*o**2 + 3. What is b(i)?
3
Let g(f) = -f**3 - 14*f**2 - 26*f - 26. Let o be g(-12). Let b(q) = 6*q + 6. Let x(y) = 4*y + 4. Let d(u) = 5*b(u) - 7*x(u). Give d(o).
-2
Let j(r) = 5*r**2 + r. Suppose 2*q - 12 = 2*d, 27*d - 29*d + q - 7 = 0. Give j(d).
4
Let h(m) = 7*m. Suppose 0*g - 2*z = 5*g - 19, -4*z = -3*g + 1. Let u be (g + (2 - 6))*1. What is h(u)?
-7
Let r(s) = -2*s - 2. Suppose -4*x + 7 - 2 = 3*g, 0 = -2*x + 2*g + 6. Let h = -2 + x. Suppose 3*d - 4*d - 5 = h. What is r(d)?
8
Let w(k) = -k**2 - k - 6. Suppose 3*s + 0*s - 162 = 0. Let h = 54 - s. Calculate w(h).
-6
Let t(k) = k**3 + k**2. Let b(m) = -6*m**2 + 3*m - 2. Let w(q) = -b(q) - 3*t(q). Let o(c) = 2*c + 4. Let v be o(-1). Calculate w(v).
-16
Let g(u) = -3*u + 12 - 3 - 4 - 8. Let o(m) = -5*m**2 + m + 1. Let c be o(-1). Calculate g(c).
12
Suppose 7*h = 45 - 115. Let a(v) = -v - 9. Calculate a(h).
1
Let r(k) be the first derivative of k**3/3 + 3*k**2/2 - 6*k + 35. Determine r(-5).
4
Let g(f) = 4*f**2 - 4*f - 4. Let i(x) = 3*x**2 - 2*x - 3. Let s(c) = 2*g(c) - 3*i(c). Calculate s(6).
-47
Let s(m) = 5*m**3 + 2*m**2 - 2*m + 3. Suppose -12 - 12 = 8*j. Let l(q) = 2*q**3 + q**2 - q + 2. Let k(c) = j*s(c) + 7*l(c). What is k(0)?
5
Let i(w) be the third derivative of -w**5/60 + w**4/4 + w**3/6 - 2149*w**2. Let c = 1 - -5. Calculate i(c).
1
Let z(h) = 21 + 2 + 14 - 7*h + 2*h - 1. Determine z(8).
-4
Suppose 0*a + 4*y = -2*a + 6, 3*y - 3 = 0. Let q(p) = -6*p + 8*p + p**2 - 2*p + p - p**3. Calculate q(a).
1
Let l(y) be the third derivative of -y**8/20160 - y**7/5040 + y**6/240 - 2*y**5/15 - 17*y**2. Let x(u) be the third derivative of l(u). Determine x(0).
3
Let k(s) = 2 - 12 - 9*s - 6 - 26 + 10. What is k(-4)?
4
Let k be 2/(-3) - 4/((-12)/17). Suppose -4*l - 5 = -k*l. Let o(b) = 0 + 49*b - 3 - 46*b. What is o(l)?
12
Let a(r) = -r**3 - 9*r**2 - 14*r - 1. Let u be a(-7). Let j(c) = -23*c**2 + c + 1. Give j(u).
-23
Let f(k) = 3*k - 6. Let g = 56 + -56. Let b be (g + -5)*(-2 - -1). Determine f(b).
9
Let m(a) be the third derivative of 13/24*a**4 + 0 + 1/60*a**5 + 0*a + 5/3*a**3 + 18*a**2. What is m(-12)?
-2
Let x(u) = 10 - 24 + 9 + u**2. Determine x(3).
4
Let a = -13 - -13. Let i(l) = -3*l**2 - 4. Let u(y) = 7*y**2 + 9. Let x(w) = -5*i(w) - 2*u(w). What is x(a)?
2
Let x(f) = f**2 + 7*f + 5. Suppose -1 = 53*k - 52*k. Let z be -6*(k + 0 + 2). Give x(z).
-1
Suppose -3*i - 525 = -543. Let g(t) = 14 + 4 + 9 - 25 - t. Determine g(i).
-4
Let z(i) = -i**3 + i**2 + 4*i + 3. Suppose 8*o - 7*o - 9 = 3*v, 4*v = 4*o - 4. Determine z(o).
27
Let t(a) be the first derivative of 2 - 3/2*a**2 + 2/3*a**3 - 3*a. Determine t(3).
6
Suppose -5*i - 249 = 216. Let x = 91 + i. Let y(t) = t**3 + 3*t**2 - 2. Determine y(x).
2
Let c be -68 - (6/(-1) + 1). Let p = c + 65. Let g(q) = -5*q**3 + 3*q**2 + 6*q**3 - 3 - 5*q**2 + 2*q. Determine g(p).
1
Suppose 0 = -4*p - 4*p - 40. Let y(l) = l**3 - 2*l**2 - 3. Let w(v) = -2*v**3 + 4*v**2 + 7. Let i(r) = p*y(r) - 2*w(r). Calculate i(3).
-8
Let c(f) = -3*f**2 - f. Suppose k + 2 = -2*p + 4*p, 3*p = 3*k - 3. Suppose -r - 10 = 3*w, p*r - 3*w = -2*w. What is c(r)?
-2
Suppose 7*r - 200 = -11. Let w(c) = -2*c - 10 + 0*c + r - 10. Suppose 2*l - 5 = l. What is w(l)?
-3
Suppose 0 = 3*p - f - 7, 2*p - p - f - 3 = 0. Let n(r) = 1 - 9 - r + 3*r**p + 8. Calculate n(-2).
14
Suppose -2*f + 0*f = 2*g - 264, -2*g = 3*f - 265. Suppose -4*t + 111 = g. Let a(j) = -3*j - 5*j - 4 + j**3 + 4*j**2 - 2. Give a(t).
9
Let z(h) = -h**2 - 5*h. Let w(l) = l**2 + 5*l + 1. Suppose i + d = 2*i + 12, 0 = -2*i - 2*d - 8. Let t = 15 + i. Let r(a) = t*w(a) + 6*z(a). Give r(-5).
7
Let m(r) be the second derivative of r**3/6 - 5*r**2 + 2*r + 24. Determine m(7).
-3
Let j(v) be the second derivative of 5*v**3 - 5*v**2 - 13*v. Let m be j(-7). Let p be 2/(-11) + m/121. Let t(k) = -k**3 + k**2 + 2*k + 2. Calculate t(p).
10
Suppose 0 = -a - a - f + 13, 0 = 4*f - 4. Let z(w) = -16*w**2 + 17*w**2 - 5*w + 8 + 3*w - 5*w. Calculate z(a).
2
Let x(j) be the second derivative of -1/6*j**3 + 1/20*j**5 + 0 - 1/4*j**4 - 20*j + 3/2*j**2. Calculate x(3).
0
Let g = 405 - 405. Suppose -5*a + 0*a = 0. Let p(r) = a*r - r + g*r + r**2 - 1. What is p(-2)?
5
Let d(y) = -3*y**3 + 2*y**2 - 2*y + 1. Suppose -p - 2*t = 2, 0 = -4*p - 0*p - 4*t. Let i be ((-7)/p + 1)*-2. Suppose 7*j - i = 2*j. Calculate d(j).
-2
Suppose 24 = 4*s - 0. Suppose 0 = 3*p - 8*p + 10. Let o(x) = 12*x**2 + s + x + 7*x + 10*x**p - 21*x**2. Give o(-6).
-6
Let b(z) = -2*z - 17. Let l be b(-19). Let f(j) = -6*j - 28 + l + 4*j. Give f(-6).
5
Let l(r) = -r + 2. Let y(n) = 4*n - 24. Let t(d) = 10*l(d) + y(d). Give t(-2).
8
Let a(m) = m**2 - 4*m - 1. Suppose -3*p + 18 = y + p, -y = -p - 3. Let